{"id":2506,"date":"2026-01-14T13:09:29","date_gmt":"2026-01-14T13:09:29","guid":{"rendered":"https:\/\/atelierlabruyere.com\/index\/?page_id=2506"},"modified":"2026-01-14T13:16:09","modified_gmt":"2026-01-14T13:16:09","slug":"stephane-labruyere","status":"publish","type":"page","link":"https:\/\/atelierlabruyere.com\/index\/stephane-labruyere","title":{"rendered":"St\u00e9phane Labruy\u00e8re"},"content":{"rendered":"\n<p><\/p>\n\n\n\n<div class=\"wp-block-group alignfull has-base-background-color has-background has-global-padding is-layout-constrained wp-container-core-group-is-layout-d89aad35 wp-block-group-is-layout-constrained\" style=\"margin-top:0;margin-bottom:0;padding-top:var(--wp--preset--spacing--50);padding-right:var(--wp--preset--spacing--50);padding-bottom:var(--wp--preset--spacing--50);padding-left:var(--wp--preset--spacing--50)\">\n<div class=\"wp-block-columns alignwide is-layout-flex wp-container-core-columns-is-layout-549b0c86 wp-block-columns-is-layout-flex\">\n<div class=\"wp-block-column has-global-padding is-content-justification-center is-layout-constrained wp-container-core-column-is-layout-42d62dd4 wp-block-column-is-layout-constrained\" style=\"flex-basis:40%\">\n<figure class=\"wp-block-image size-full\"><img fetchpriority=\"high\" decoding=\"async\" width=\"598\" height=\"598\" src=\"https:\/\/atelierlabruyere.com\/wp-content\/uploads\/2018\/05\/2845f-stephane-e1527154976822-487415422-e1698511323194.jpg\" alt=\"Stephane Labruy\u00e8re\" class=\"wp-image-35\" style=\"aspect-ratio:1;object-fit:cover\" srcset=\"https:\/\/atelierlabruyere.com\/wp-content\/uploads\/2018\/05\/2845f-stephane-e1527154976822-487415422-e1698511323194.jpg 598w, https:\/\/atelierlabruyere.com\/wp-content\/uploads\/2018\/05\/2845f-stephane-e1527154976822-487415422-e1698511323194-300x300.jpg 300w, https:\/\/atelierlabruyere.com\/wp-content\/uploads\/2018\/05\/2845f-stephane-e1527154976822-487415422-e1698511323194-150x150.jpg 150w\" sizes=\"(max-width: 598px) 100vw, 598px\" \/><\/figure>\n<\/div>\n\n\n\n<div class=\"wp-block-column is-layout-flow wp-container-core-column-is-layout-119bc444 wp-block-column-is-layout-flow\" style=\"flex-basis:60%\">\n<p class=\"has-heading-font-family has-large-font-size\" style=\"line-height:1.2\">Dipl\u00f4m\u00e9 de l\u2019\u00c9cole Sup\u00e9rieure des Arts Modernes de Paris en 1988, St\u00e9phane Labruy\u00e8re d\u00e9bute sa carri\u00e8re au sein d\u2019un showroom de design et de mobilier contemporain, avant de rejoindre un atelier parisien d\u2019architecture et de d\u00e9coration.<\/p>\n\n\n\n<div class=\"wp-block-columns is-layout-flex wp-container-core-columns-is-layout-87beb0d0 wp-block-columns-is-layout-flex\">\n<div class=\"wp-block-column is-layout-flow wp-block-column-is-layout-flow\">\n<p class=\"wp-container-content-9cfa9a5a\">D\u00e8s 1991, il exerce en profession lib\u00e9rale. Ces premi\u00e8res exp\u00e9riences fondatrices lui permettent d\u2019acqu\u00e9rir des bases solides et d\u2019affirmer un go\u00fbt prononc\u00e9 pour le mobilier et le design. En 1993, il cr\u00e9e son propre atelier, l\u2019Atelier Labruy\u00e8re, aujourd\u2019hui compos\u00e9 d\u2019une \u00e9quipe de sept architectes et architectes d\u2019int\u00e9rieur partageant des valeurs communes et une vision exigeante de leur m\u00e9tier.<\/p>\n<\/div>\n\n\n\n<div class=\"wp-block-column is-layout-flow wp-block-column-is-layout-flow\">\n<p>Depuis plus de trente ans, St\u00e9phane Labruy\u00e8re con\u00e7oit, restructure, agence et d\u00e9core avec \u00e9l\u00e9gance et sobri\u00e9t\u00e9 des biens prestigieux. Son activit\u00e9 est principalement d\u00e9di\u00e9e \u00e0 la r\u00e9sidence priv\u00e9e, tout en s\u2019\u00e9tendant ponctuellement \u00e0 la r\u00e9alisation de bureaux, showrooms et commerces, \u00e0 la demande de ses fid\u00e8les clients.<\/p>\n<\/div>\n<\/div>\n\n\n\n<p>Anim\u00e9 par un style singulier, St\u00e9phane Labruy\u00e8re a pour vocation de r\u00e9v\u00e9ler, \u00e0 travers chaque projet, la personnalit\u00e9 de ses clients afin de cr\u00e9er des lieux qui leur ressemblent et dans lesquels ils se sentent pleinement chez eux. Cette d\u00e9marche repose sur une collaboration \u00e9troite : une \u00e9coute attentive des besoins et des envies, suivie de conseils avis\u00e9s et de solutions sur mesure.<\/p>\n\n\n\n<p>Chaque projet est abord\u00e9 avec une double lecture, celle de l\u2019architecte passionn\u00e9 par les volumes et les perspectives, et celle du d\u00e9corateur sensible aux mati\u00e8res, au design et aux d\u00e9tails. Selon la complexit\u00e9 des r\u00e9alisations, il s\u2019entoure des meilleurs artisans, lighting designers et paysagistes afin d\u2019accompagner ses clients jusqu\u2019\u00e0 l\u2019aboutissement de \u00ab leur \u00bb projet.<\/p>\n\n\n\n<p class=\"is-style-plain has-medium-font-size\">\u00ab Les plus beaux projets sont ceux o\u00f9 le travail de l\u2019architecture et de l\u2019architecture int\u00e9rieure est sublim\u00e9 par une d\u00e9coration aboutie. \u00bb<\/p>\n\n\n\n<p>Fort de plus de deux cents r\u00e9alisations, St\u00e9phane Labruy\u00e8re s\u2019est construit au fil des ann\u00e9es une solide notori\u00e9t\u00e9, faisant aujourd\u2019hui de ses clients ses meilleurs prescripteurs.<\/p>\n<\/div>\n<\/div>\n<\/div>\n\n\n\n<p><\/p>\n","protected":false},"excerpt":{"rendered":"<p>Dipl\u00f4m\u00e9 de l\u2019\u00c9cole Sup\u00e9rieure des Arts Modernes de Paris en 1988, St\u00e9phane Labruy\u00e8re d\u00e9bute sa carri\u00e8re au sein d\u2019un showroom de design et de mobilier contemporain, avant de rejoindre un atelier parisien d\u2019architecture et de d\u00e9coration. D\u00e8s 1991, il exerce en profession lib\u00e9rale. Ces premi\u00e8res exp\u00e9riences fondatrices lui permettent d\u2019acqu\u00e9rir des bases solides et d\u2019affirmer [&hellip;]<\/p>\n","protected":false},"author":1,"featured_media":0,"parent":0,"menu_order":0,"comment_status":"closed","ping_status":"closed","template":"","meta":{"_vp_format_video_url":"","_vp_image_focal_point":[],"footnotes":""},"class_list":["post-2506","page","type-page","status-publish","hentry"],"_links":{"self":[{"href":"https:\/\/atelierlabruyere.com\/index\/wp-json\/wp\/v2\/pages\/2506","targetHints":{"allow":["GET"]}}],"collection":[{"href":"https:\/\/atelierlabruyere.com\/index\/wp-json\/wp\/v2\/pages"}],"about":[{"href":"https:\/\/atelierlabruyere.com\/index\/wp-json\/wp\/v2\/types\/page"}],"author":[{"embeddable":true,"href":"https:\/\/atelierlabruyere.com\/index\/wp-json\/wp\/v2\/users\/1"}],"replies":[{"embeddable":true,"href":"https:\/\/atelierlabruyere.com\/index\/wp-json\/wp\/v2\/comments?post=2506"}],"version-history":[{"count":3,"href":"https:\/\/atelierlabruyere.com\/index\/wp-json\/wp\/v2\/pages\/2506\/revisions"}],"predecessor-version":[{"id":2509,"href":"https:\/\/atelierlabruyere.com\/index\/wp-json\/wp\/v2\/pages\/2506\/revisions\/2509"}],"wp:attachment":[{"href":"https:\/\/atelierlabruyere.com\/index\/wp-json\/wp\/v2\/media?parent=2506"}],"curies":[{"name":"wp","href":"https:\/\/api.w.org\/{rel}","templated":true}]}}