{"id":2410,"date":"2026-01-10T20:15:00","date_gmt":"2026-01-10T20:15:00","guid":{"rendered":"https:\/\/atelierlabruyere.com\/index\/?page_id=2410"},"modified":"2026-01-14T13:26:36","modified_gmt":"2026-01-14T13:26:36","slug":"accueil","status":"publish","type":"page","link":"https:\/\/atelierlabruyere.com\/index\/","title":{"rendered":"Accueil"},"content":{"rendered":"\n<div class=\"wp-block-cover alignfull has-custom-content-position is-position-top-center\" style=\"margin-top:0;padding-top:5vw;padding-right:5vw;padding-bottom:5vw;padding-left:5vw\"><span aria-hidden=\"true\" class=\"wp-block-cover__background has-background-dim-100 has-background-dim\" style=\"background-color:#36220c\"><\/span><div class=\"wp-block-cover__inner-container is-layout-flow wp-block-cover-is-layout-flow\">\n<div class=\"wp-block-cover has-parallax wp-duotone-duotone-2\"><div class=\"wp-block-cover__image-background wp-image-2427 size-large has-parallax\" style=\"background-position:50% 50%;background-image:url(https:\/\/atelierlabruyere.com\/wp-content\/uploads\/2026\/01\/Expo_09-1024x683.jpg)\"><\/div><span aria-hidden=\"true\" class=\"wp-block-cover__background has-background-dim\" style=\"background-color:#535353\"><\/span><div class=\"wp-block-cover__inner-container has-global-padding is-layout-constrained wp-block-cover-is-layout-constrained\">\n<p class=\"has-text-align-center has-accent-2-color has-text-color has-link-color wp-elements-c16d71ff03b3908bf2928445f81f8d16\" style=\"font-size:clamp(2.754rem, 2.754rem + ((1vw - 0.2rem) * 4.243), 5.3rem);font-style:normal;font-weight:600;line-height:1\">ATELIER LABRUY\u00c8RE<\/p>\n\n\n\n<p class=\"has-text-align-center has-accent-color has-text-color has-link-color has-x-large-font-size wp-elements-286ae1e4878fe6fd2ecd0cf847b16ad5\" style=\"line-height:1.2\">ATELIER D&rsquo;ARCHITECTURE<\/p>\n\n\n\n<p class=\"has-text-align-center has-accent-color has-text-color has-link-color has-x-large-font-size wp-elements-af745c138a9193f3a000ca73e828b984\" style=\"line-height:1.2\">&amp; DESIGN D&rsquo;INTERIEUR<\/p>\n<\/div><\/div>\n\n\n\n<div class=\"wp-block-group is-content-justification-space-between is-layout-flex wp-container-core-group-is-layout-495512eb wp-block-group-is-layout-flex\">\n<div class=\"wp-block-group is-vertical is-content-justification-left is-nowrap is-layout-flex wp-container-core-group-is-layout-c8cabdf9 wp-block-group-is-layout-flex\">\n<blockquote class=\"wp-block-quote is-style-plain is-layout-flow wp-block-quote-is-layout-flow is-style-plain--1\">\n<p class=\"has-text-align-left has-accent-color has-text-color\" style=\"font-size:clamp(17.905px, 1.119rem + ((1vw - 3.2px) * 1.052), 28px);font-style:normal;font-weight:400;letter-spacing:0px;line-height:1.7\">\u00ab\u00a0L\u2019art d\u2019habiter l\u2019exception.\u00a0\u00bb<\/p>\n<\/blockquote>\n\n\n\n<p class=\"has-accent-color has-text-color\" style=\"font-size:clamp(14px, 0.875rem + ((1vw - 3.2px) * 0.417), 18px);font-style:normal;font-weight:400;letter-spacing:0px;line-height:0.8\">L\u2019Atelier Labruy\u00e8re, cr\u00e9\u00e9 en 1993 par St\u00e9phane Labruy\u00e8re, est un atelier d\u2019architecture \u00e0 la vision contemporaine et intemporelle.<\/p>\n\n\n\n<p class=\"has-accent-color has-text-color\" style=\"font-size:clamp(14px, 0.875rem + ((1vw - 3.2px) * 0.417), 18px);font-style:normal;font-weight:400;letter-spacing:0px;line-height:0.8\">Bas\u00e9e \u00e0 Saint-Germain-en-Laye, nous r\u00e9alisons des espaces d\u2019exception, r\u00e9v\u00e9lateurs de votre art de vivre.<\/p>\n\n\n\n<div class=\"wp-block-buttons is-content-justification-left is-nowrap is-layout-flex wp-container-core-buttons-is-layout-fc9f69e7 wp-block-buttons-is-layout-flex\">\n<div class=\"wp-block-button is-style-outline is-style-outline--2\"><a class=\"wp-block-button__link has-accent-color has-text-color has-custom-font-size wp-element-button\" href=\"https:\/\/atelierlabruyere.com\/index\/projets\" style=\"border-radius:0px;padding-top:16px;padding-right:32px;padding-bottom:16px;padding-left:32px;font-size:clamp(14px, 0.875rem + ((1vw - 3.2px) * 0.208), 16px);font-style:normal;font-weight:700;letter-spacing:0px;text-transform:uppercase\">NOS PROJETS<\/a><\/div>\n<\/div>\n\n\n\n<div style=\"height:0px\" aria-hidden=\"true\" class=\"wp-block-spacer wp-container-content-85b6a097\"><\/div>\n<\/div>\n<\/div>\n<\/div><\/div>\n","protected":false},"excerpt":{"rendered":"","protected":false},"author":1,"featured_media":0,"parent":0,"menu_order":0,"comment_status":"closed","ping_status":"closed","template":"page-no-title","meta":{"_vp_format_video_url":"","_vp_image_focal_point":[],"footnotes":""},"class_list":["post-2410","page","type-page","status-publish","hentry"],"_links":{"self":[{"href":"https:\/\/atelierlabruyere.com\/index\/wp-json\/wp\/v2\/pages\/2410","targetHints":{"allow":["GET"]}}],"collection":[{"href":"https:\/\/atelierlabruyere.com\/index\/wp-json\/wp\/v2\/pages"}],"about":[{"href":"https:\/\/atelierlabruyere.com\/index\/wp-json\/wp\/v2\/types\/page"}],"author":[{"embeddable":true,"href":"https:\/\/atelierlabruyere.com\/index\/wp-json\/wp\/v2\/users\/1"}],"replies":[{"embeddable":true,"href":"https:\/\/atelierlabruyere.com\/index\/wp-json\/wp\/v2\/comments?post=2410"}],"version-history":[{"count":22,"href":"https:\/\/atelierlabruyere.com\/index\/wp-json\/wp\/v2\/pages\/2410\/revisions"}],"predecessor-version":[{"id":2514,"href":"https:\/\/atelierlabruyere.com\/index\/wp-json\/wp\/v2\/pages\/2410\/revisions\/2514"}],"wp:attachment":[{"href":"https:\/\/atelierlabruyere.com\/index\/wp-json\/wp\/v2\/media?parent=2410"}],"curies":[{"name":"wp","href":"https:\/\/api.w.org\/{rel}","templated":true}]}}